 229
List the prime factors of 416.
2, 13
List the prime factors of 4811.
17, 283
What are the prime factors of 30222?
2, 3, 23, 73
What are the prime factors of 1518?
2, 3, 11, 23
List the prime factors of 2072.
2, 7, 37
What are the prime factors of 413?
7, 59
List the prime factors of 2283.
3, 761
What are the prime factors of 7667?
11, 17, 41
What are the prime factors of 1389?
3, 463
What are the prime factors of 52113?
3, 29, 599
List the prime factors of 121030.
2, 5, 7, 13, 19
What are the prime factors of 1060?
2, 5, 53
What are the prime factors of 8627?
8627
What are the prime factors of 44054?
2, 22027
What are the prime factors of 8869?
7, 181
List the prime factors of 1584.
2, 3, 11
List the prime factors of 176824.
2, 23, 31
What are the prime factors of 34520?
2, 5, 863
What are the prime factors of 6404?
2, 1601
List the prime factors of 14215.
5, 2843
List the prime factors of 2299.
11, 19
What are the prime factors of 92970?
2, 3, 5, 1033
What are the prime factors of 36100?
2, 5, 19
What are the prime factors of 64926?
2, 3, 3607
List the prime factors of 409.
409
List the prime factors of 3542.
2, 7, 11, 23
What are the prime factors of 9463?
9463
List the prime factors of 2067.
3, 13, 53
What are the prime factors of 4091?
4091
List the prime factors of 1340.
2, 5, 67
What are the prime factors of 20859?
3, 17, 409
What are the prime factors of 31436?
2, 29, 271
List the prime factors of 1190.
2, 5, 7, 17
List the prime factors of 24591.
3, 7, 1171
List the prime factors of 2047.
23, 89
What are the prime factors of 475?
5, 19
What are the prime factors of 5549?
31, 179
List the prime factors of 98933.
19, 41, 127
What are the prime factors of 950?
2, 5, 19
What are the prime factors of 1315?
5, 263
What are the prime factors of 960?
2, 3, 5
List the prime factors of 1321.
1321
What are the prime factors of 920?
2, 5, 23
List the prime factors of 505.
5, 101
List the prime factors of 1395.
3, 5, 31
What are the prime factors of 8944?
2, 13, 43
List the prime factors of 3616.
2, 113
What are the prime factors of 13170?
2, 3, 5, 439
What are the prime factors of 43971?
3, 14657
List the prime factors of 6050.
2, 5, 11
List the prime factors of 5973.
3, 11, 181
What are the prime factors of 16763?
16763
List the prime factors of 838.
2, 419
List the prime factors of 20244.
2, 3, 7, 241
List the prime factors of 494.
2, 13, 19
What are the prime factors of 129?
3, 43
List the prime factors of 6959.
6959
List the prime factors of 1683.
3, 11, 17
What are the prime factors of 145996?
2, 17, 19, 113
List the prime factors of 2775.
3, 5, 37
What are the prime factors of 2670?
2, 3, 5, 89
List the prime factors of 39940.
2, 5, 1997
What are the prime factors of 16297?
43, 379
List the prime factors of 43579.
43579
List the prime factors of 27808.
2, 11, 79
What are the prime factors of 23538?
2, 3, 3923
List the prime factors of 6602.
2, 3301
List the prime factors of 99488.
2, 3109
List the prime factors of 46468.
2, 11617
What are the prime factors of 10869?
3, 3623
What are the prime factors of 5690?
2, 5, 569
List the prime factors of 11467.
11467
List the prime factors of 1119.
3, 373
What are the prime factors of 8839?
8839
List the prime factors of 298.
2, 149
What are the prime factors of 6330?
2, 3, 5, 211
List the prime factors of 1181.
1181
List the prime factors of 2710.
2, 5, 271
List the prime factors of 237.
3, 79
List the prime factors of 1806.
2, 3, 7, 43
List the prime factors of 3737.
37, 101
List the prime factors of 122117.
122117
What are the prime factors of 1599?
3, 13, 41
What are the prime factors of 14190?
2, 3, 5, 11, 43
What are the prime factors of 165898?
2, 109, 761
What are the prime factors of 17137?
17137
What are the prime factors of 4389?
3, 7, 11, 19
List the prime factors of 595.
5, 7, 17
List the prime factors of 788.
2, 197
List the prime factors of 29640.
2, 3, 5, 13, 19
List the prime factors of 583.
11, 53
What are the prime factors of 1108?
2, 277
What are the prime factors of 2205?
3, 5, 7
List the prime factors of 85293.
3, 13
What are the prime factors of 2826?
2, 3, 157
What are the prime factors of 15672?
2, 3, 653
What are the prime factors of 3293?
37, 89
What are the prime factors of 716?
2, 179
List the prime factors of 34115.
5, 6823
List the prime factors of 890.
2, 5, 89
What are the prime factors of 22420?
2, 5, 19, 59
List the prime factors of 59497.
59497
What are the prime factors of 7140?
2, 3, 5, 7, 17
What are the prime factors of 3383?
17, 199
What are the prime factors of 117548?
2, 29387
What are the prime factors of 633?
3, 211
What are the prime factors of 3181?
3181
List the prime factors of 182681.
182681
List the prime factors of 21805.
5, 7, 89
List the prime factors of 69426.
2, 3, 7, 19, 29
What are the prime factors of 126144?
2, 3, 73
What are the prime factors of 88517?
11, 13, 619
What are the prime factors of 136970?
2, 5, 13697
List the prime factors of 7917.
3, 7, 13, 29
List the prime factors of 648.
2, 3
What are the prime factors of 160611?
3, 11, 31, 157
List the prime factors of 471.
3, 157
List the prime factors of 619.
619
List the prime factors of 86374.
2, 19, 2273
What are the prime factors of 13769?
7, 281
What are the prime factors of 36566?
2, 47, 389
List the prime factors of 5596.
2, 1399
List the prime factors of 2496.
2, 3, 13
What are the prime factors of 3595?
5, 719
List the prime factors of 33535.
5, 19, 353
List the prime factors of 2951.
13, 227
List the prime factors of 157675.
5, 7, 17, 53
List the prime factors of 37173.
3, 12391
What are the prime factors of 4507?
4507
What are the prime factors of 123?
3, 41
What are the prime factors of 1190?
2, 5, 7, 17
List the prime factors of 1243.
11, 113
List the prime factors of 262.
2, 131
What are the prime factors of 559?
13, 43
List the prime factors of 10907.
13, 839
List the prime factors of 3495.
3, 5, 233
What are the prime factors of 682?
2, 11, 31
List the prime factors of 8131.
47, 173
What are the prime factors of 5950?
2, 5, 7, 17
What are the prime factors of 4141?
41, 101
List the prime factors of 87686.
2, 17, 2579
List the prime factors of 11212.
2, 2803
What are the prime factors of 13040?
2, 5, 163
List the prime factors of 57180.
2, 3, 5, 953
What are the prime factors of 1228?
2, 307
What are the prime factors of 973?
7, 139
What are the prime factors of 2811?
3, 937
List the prime factors of 1377.
3, 17
List the prime factors of 90.
2, 3, 5
What are the prime factors of 4542?
2, 3, 757
What are the prime factors of 722?
2, 19
What are the prime factors of 4444?
2, 11, 101
What are the prime factors of 10003?
7, 1429
List the prime factors of 963.
3, 107
List the prime factors of 694.
2, 347
List the prime factors of 5646.
2, 3, 941
What are the prime factors of 30798?
2, 3, 29, 59
List the prime factors of 664.
2, 83
What are the prime factors of 26243?
7, 23, 163
List the prime factors of 12297.
3, 4099
List the prime factors of 5363.
31, 173
What are the prime factors of 1206?
2, 3, 67
List the prime factors of 826.
2, 7, 59
What are the prime factors of 1680?
2, 3, 5, 7
What are the prime factors of 16870?
2, 5, 7, 241
List the prime factors of 15611.
67, 233
List the prime factors of 909.
3, 101
List the prime factors of 59168.
2, 43
What are the prime factors of 68718?
2, 3, 13, 881
What are the prime factors of 332?
2, 83
What are the prime factors of 8584?
2, 29, 37
What are the prime factors of 21382?
2, 10691
List the prime factors of 12009.
3, 4003
List the prime factors of 55302.
2, 3, 13, 709
List the prime factors of 859.
859
List the prime factors of 8959.
17, 31
List the prime factors of 4838.
2, 41, 59
List the prime factors of 2587.
13, 199
What are the prime factors of 1454?
2, 727
What are the prime factors of 1284?
2, 3, 107
List the prime factors of 28744.
2, 3593
What are the prime factors of 5281?
5281
List the prime factors of 35246.
2, 17623
What are the prime factors of 4865?
5, 7, 139
What are the prime factors of 1896?
2, 3, 79
What are the prime factors of 1763?
41, 43
List the prime factors of 1212.
2, 3, 101
List the prime factors of 15652.
2, 7, 13, 43
What are the prime factors of 15639?
3, 13, 401
What are the prime facto